{"id":38,"date":"2019-06-02T19:28:13","date_gmt":"2019-06-02T19:28:13","guid":{"rendered":"http:\/\/kriegerevents.de\/?page_id=38"},"modified":"2019-08-06T17:31:14","modified_gmt":"2019-08-06T17:31:14","slug":"ueber-mich","status":"publish","type":"page","link":"http:\/\/kriegerevents.com\/?page_id=38","title":{"rendered":"\u00dcber mich"},"content":{"rendered":"\n<p style=\"text-align:left\">F\u00fcr mich sind Events mehr als nur einmalige Erlebnisse, sie sind Ereignisse die, das Leben bereichern. Ich lebe und liebe was ich tue!<\/p>\n\n\n\n<p style=\"text-align:left\">Seit 2019 Krieger Events, Inhaberin<\/p>\n\n\n\n<p style=\"text-align:left\">2011-2019 Event- &amp; Projektmanagerin, Vitra Services GmbH<\/p>\n\n\n\n<p style=\"text-align:left\">In acht Jahren Vitra hatte ich die Verantwortung f\u00fcr einige Veranstaltungen, von Konferenzen und Tagungen, \u00fcber Hochzeiten und Geburtstage, \u00fcber Konzerte und Partys bis hin zu Lagerverk\u00e4ufen.<\/p>\n\n\n\n<p style=\"text-align:left\">Von kleinen Events bis gr\u00f6\u00dferen Veranstaltungen von \u00fcber 5.500 G\u00e4sten durfte ich alles erleben. Neben der Liebe zum Detail und Design ist der rote Faden unabdingbar. Von der Einladung, \u00fcber die Deko bis hin zum Essen. \ud83d\ude42<\/p>\n\n\n\n<p style=\"text-align:left\">Die unterschiedlichen Events erm\u00f6glichten es mir viele Facetten der Veranstaltungswelt kennen und lieben zu lernen.  <\/p>\n\n\n\n<p><\/p>\n\n\n\n<p style=\"text-align:left\">2008-2011 Ausbildung Veranstaltungskauffrau EURAKA Baden-Baden Ausbildungsbetrieb Event Trend GmbH<\/p>\n\n\n\n<p style=\"text-align:left\">2008 Abitur<\/p>\n\n\n\n<p style=\"text-align:left\">1988 Erblickte ich das Licht der Welt<\/p>\n\n\n\n<figure class=\"wp-block-image\"><img loading=\"lazy\" decoding=\"async\" width=\"700\" height=\"1050\" src=\"http:\/\/kriegerevents.com\/wp-content\/uploads\/2019\/06\/julia2-1-700x1050.jpg\" alt=\"\" class=\"wp-image-209\" srcset=\"http:\/\/kriegerevents.com\/wp-content\/uploads\/2019\/06\/julia2-1-700x1050.jpg 700w, http:\/\/kriegerevents.com\/wp-content\/uploads\/2019\/06\/julia2-1-200x300.jpg 200w, http:\/\/kriegerevents.com\/wp-content\/uploads\/2019\/06\/julia2-1-768x1152.jpg 768w, http:\/\/kriegerevents.com\/wp-content\/uploads\/2019\/06\/julia2-1-800x1200.jpg 800w\" sizes=\"auto, (max-width: 700px) 100vw, 700px\" \/><\/figure>\n","protected":false},"excerpt":{"rendered":"<p>F\u00fcr mich sind Events mehr als nur einmalige Erlebnisse, sie sind Ereignisse die, das Leben bereichern. Ich lebe und liebe was ich tue! Seit 2019 Krieger Events, Inhaberin 2011-2019 Event- &amp; Projektmanagerin, Vitra Services GmbH In acht Jahren Vitra hatte ich die Verantwortung f\u00fcr einige Veranstaltungen, von Konferenzen und Tagungen, \u00fcber Hochzeiten und Geburtstage, \u00fcber&#8230;<\/p>\n","protected":false},"author":1,"featured_media":0,"parent":0,"menu_order":8,"comment_status":"closed","ping_status":"closed","template":"","meta":{"footnotes":""},"class_list":["post-38","page","type-page","status-publish","hentry"],"_links":{"self":[{"href":"http:\/\/kriegerevents.com\/index.php?rest_route=\/wp\/v2\/pages\/38","targetHints":{"allow":["GET"]}}],"collection":[{"href":"http:\/\/kriegerevents.com\/index.php?rest_route=\/wp\/v2\/pages"}],"about":[{"href":"http:\/\/kriegerevents.com\/index.php?rest_route=\/wp\/v2\/types\/page"}],"author":[{"embeddable":true,"href":"http:\/\/kriegerevents.com\/index.php?rest_route=\/wp\/v2\/users\/1"}],"replies":[{"embeddable":true,"href":"http:\/\/kriegerevents.com\/index.php?rest_route=%2Fwp%2Fv2%2Fcomments&post=38"}],"version-history":[{"count":13,"href":"http:\/\/kriegerevents.com\/index.php?rest_route=\/wp\/v2\/pages\/38\/revisions"}],"predecessor-version":[{"id":302,"href":"http:\/\/kriegerevents.com\/index.php?rest_route=\/wp\/v2\/pages\/38\/revisions\/302"}],"wp:attachment":[{"href":"http:\/\/kriegerevents.com\/index.php?rest_route=%2Fwp%2Fv2%2Fmedia&parent=38"}],"curies":[{"name":"wp","href":"https:\/\/api.w.org\/{rel}","templated":true}]}}

Über mich

<p style="text-align:left">Für mich sind Events mehr als nur einmalige Erlebnisse, sie sind Ereignisse die, das Leben bereichern. Ich lebe und liebe was ich tue!</p>



<p style="text-align:left">Seit 2019 Krieger Events, Inhaberin</p>



<p style="text-align:left">2011-2019 Event- &amp; Projektmanagerin, Vitra Services GmbH</p>



<p style="text-align:left">In acht Jahren Vitra hatte ich die Verantwortung für einige Veranstaltungen, von Konferenzen und Tagungen, über Hochzeiten und Geburtstage, über Konzerte und Partys bis hin zu Lagerverkäufen.</p>



<p style="text-align:left">Von kleinen Events bis größeren Veranstaltungen von über 5.500 Gästen durfte ich alles erleben. Neben der Liebe zum Detail und Design ist der rote Faden unabdingbar. Von der Einladung, über die Deko bis hin zum Essen. 🙂</p>



<p style="text-align:left">Die unterschiedlichen Events ermöglichten es mir viele Facetten der Veranstaltungswelt kennen und lieben zu lernen.  </p>



<p></p>



<p style="text-align:left">2008-2011 Ausbildung Veranstaltungskauffrau EURAKA Baden-Baden Ausbildungsbetrieb Event Trend GmbH</p>



<p style="text-align:left">2008 Abitur</p>



<p style="text-align:left">1988 Erblickte ich das Licht der Welt</p>



<figure class="wp-block-image"><img loading="lazy" decoding="async" width="700" height="1050" src="http://kriegerevents.com/wp-content/uploads/2019/06/julia2-1-700x1050.jpg" alt="" class="wp-image-209" srcset="http://kriegerevents.com/wp-content/uploads/2019/06/julia2-1-700x1050.jpg 700w, http://kriegerevents.com/wp-content/uploads/2019/06/julia2-1-200x300.jpg 200w, http://kriegerevents.com/wp-content/uploads/2019/06/julia2-1-768x1152.jpg 768w, http://kriegerevents.com/wp-content/uploads/2019/06/julia2-1-800x1200.jpg 800w" sizes="auto, (max-width: 700px) 100vw, 700px" /></figure>

<p>Für mich sind Events mehr als nur einmalige Erlebnisse, sie sind Ereignisse die, das Leben bereichern. Ich lebe und liebe was ich tue! Seit 2019 Krieger Events, Inhaberin 2011-2019 Event- &amp; Projektmanagerin, Vitra Services GmbH In acht Jahren Vitra hatte ich die Verantwortung für einige Veranstaltungen, von Konferenzen und Tagungen, über Hochzeiten und Geburtstage, über&#8230;</p>
